- y**3 - 4 - 3 + 6*y. Calculate d(r).
-3
Let c(j) = -7514*j**3 - 5*j**2 + 9*j + 3758*j**3 - 8 + 3757*j**3. Determine c(3).
1
Let l(v) = -2*v**2 + 21*v + 57. Let k(o) = -o**3 - 5*o**2 - 7*o + 9. Let t be k(-3). Determine l(t).
21
Suppose s = 2*u - 17, 0 = 3*u + s - 12 - 16. Let m(b) = 2*b + 2. Let v be m(3). Suppose -v = 5*o - u*o. Let p(l) = l**2 - 3*l. Calculate p(o).
-2
Let k be (3/(-24)*-2)/((-84)/80 + 1). Let d(q) = 8*q + 20. Calculate d(k).
-20
Suppose 0 = 2*x + 2*j + 58, 5*x + j = 5*j - 172. Let c be x/(-12)*6/4. Suppose -4 + 20 = c*p. Let i(g) = g**3 - 3*g**2 - g + 4. What is i(p)?
16
Let c(g) be the second derivative of -35*g**3/6 + 13*g**2/2 + 3590*g. Give c(1).
-22
Suppose 197 = -3*c + 542. Let b(u) = 7 - 2 + 112*u - 2 + 15 - c*u. What is b(7)?
-3
Let s(k) = 2*k**2 + k + 5. Let c(t) = -13*t**2 + 16*t - 29. Let u(p) = c(p) + 6*s(p). What is u(23)?
-22
Let s(j) be the third derivative of -j**6/40 - j**5/30 + 5*j**4/24 - j**3/3 + 11*j**2 + 6*j. Determine s(1).
-2
Let z(s) = -6*s - 1. Let f be (7 + (-138)/18)*-384. Let q be f/(-44) - -2 - (-12)/(-66). Give z(q).
23
Let h(n) = -18 - 21 + 34 - n. Let r(g) = g**3 - 13*g**2 + 10*g + 15. Let v be r(12). Let l = v + 4. Calculate h(l).
0
Let y = -276 + 278. Let i(k) = 1848*k**y + 1854*k**2 - 3697*k**2 + k. What is i(1)?
6
Let m(a) = 9*a + 6154. Let u(d) = -3*d - 2238. Let f(n) = -4*m(n) - 11*u(n). Let g = -2 + 1. Calculate f(g).
5
Let c(o) = -40 - 16 - 33 + 10*o - 29 + 117 + 0*o. Let r(x) = x + 4. Let p be r(-4). Suppose 2 = -p*n + n. What is c(n)?
19
Let n(d) = -d**2 + 15*d - 54. Let k be (614 - 612)/((-6)/8 + 1). What is n(k)?
2
Let q(z) = 2*z**2 - 18*z + 28. Let g(c) = 3*c**2 - 19*c + 27. Let p(k) = -3*g(k) + 4*q(k). Let o be p(-15). Let j(h) = 2*h - 4*h + o - 36. Determine j(5).
-15
Let l be -2 + 3 + -2 + 7. Let p(y) = 4*y. Let n be p(1). Let f(j) = n*j - 2*j - j + 6 - 5. Calculate f(l).
7
Let f(z) = -7*z**3 + 145*z**2 + 46*z - 80. Let l be f(21). Let o = 3 - 3. Let n(q) = -q**3 - q + q**2 + o + 1 + 4*q**2. Give n(l).
13
Suppose -x - 16 = -4*i, -46*i + 48*i = 6. Let l(o) = -o**2 - 5*o + 12. Calculate l(x).
16
Let s = -1839 - -1833. Let a(q) = -q**2 + 2*q + 38. Give a(s).
-10
Let a(f) be the first derivative of -f**3/3 - 3*f**2/2 - 3*f - 237. Let x(d) = -d - 15. Let r be x(-10). What is a(r)?
-13
Let r(p) = -8*p**2 + 7*p - 8. Let h be r(2). Let f be (-23 - h) + (0 - -2). Suppose 40*u - 39*u = f. Let i(w) = -w. Give i(u).
-5
Let d(x) = -116*x**3 + 1 + x - 115*x**3 - 125*x**3 - 113*x**3 + 467*x**3. Determine d(1).
0
Let w(y) = y**3 + 9*y**2 + 15*y - 3. Suppose -222 = 56*j + 170. Determine w(j).
-10
Let m(w) = w**3 + 11551*w - 5756*w - 53*w**2 - 2 - 5743*w. Determine m(52).
-2
Let j(m) = 2*m + 32. Let a be j(-15). Let d(y) = 3*y**a - 50*y - 45*y + 99*y. Suppose -56*u = -38*u + 54. Calculate d(u).
15
Let q be (-1)/(-2) + 7/2. Let i(k) = -3*k + 7 + q*k + 0. Suppose -32*j - 31*j = -82 + 649. Give i(j).
-2
Let c = 18 + -15. Suppose 7*q - c*q - 8 = 0. Let k be ((-14)/35)/(q/(-5)). Let b(z) = 14*z. Give b(k).
14
Let x(c) = c - 11. Let h be 1148 + -1143 - (-14 + (0 - -1)). Calculate x(h).
7
Let p(x) be the second derivative of x**3/3 + x**2/2 + 36*x - 1. Let g(h) = 13*h + 15. Let d(o) = -g(o) + 6*p(o). What is d(-7)?
-2
Let i(d) = 4 - 12 + 16*d + d**2 + 8 - 9 + 0. Determine i(-14).
-37
Let k(j) be the third derivative of 0*j + 3/8*j**4 + 0 + 5/3*j**3 + 1/120*j**6 + 1/6*j**5 + 109*j**2. Calculate k(-9).
10
Let k(c) = 23*c - 36. Let z(a) = 11*a - 23. Let g(l) = -4*k(l) + 9*z(l). Give g(7).
-14
Let t = 388 + -254. Let q(w) = 69 + 66 - w - t. Determine q(0).
1
Let c(q) = -1 + 0 + 0 - 7*q**2 + q - 4*q + 8*q**2. Let p = -24 - -50. Suppose -5*o + p = 5*m - m, o - 5*m = -18. Give c(o).
-3
Let k(s) = -4*s + s**2 + 4*s - 64 - s**3 + 65. Let n be (-2 - -3)*(1 + -1). Calculate k(n).
1
Let n = -3310 + 26481/8. Let y(t) be the third derivative of -1/15*t**5 + 0*t + 0 + n*t**4 + 14*t**2 + 1/2*t**3 - 1/120*t**6. Determine y(-5).
13
Suppose k - 3*l = -8, 5*l - 6*l + 32 = -4*k. Let y(s) = -s**2 - 6*s + 8. Let i be y(k). Let x(u) = u**2 + 8*u + 2. Calculate x(i).
2
Let r(f) = -f**3 - 9*f**2 - f + 7. Let i(w) = 22*w - 22. Let g be i(-9). Let v = g + 211. Determine r(v).
16
Let n be (1 + 88/(-84))/(11/(1078/(-28))). Let x(w) be the third derivative of 0 - 14*w**2 + 1/8*w**4 + 0*w - 1/60*w**5 + n*w**3. What is x(-3)?
-17
Let f(b) = -13*b + 22. Let c be 20/12 - 18/(-54). Give f(c).
-4
Let h(o) = -2*o + 65. Let n(i) = 41*i - 3792. Let v be n(93). Calculate h(v).
23
Suppose 0 = 5*x - 8*x - 18. Let k = 20 + -14. Let f(w) = 0*w - k*w - w**2 + 0*w**2 + w + 3. What is f(x)?
-3
Suppose -5*z = -125 + 30. Let j(q) = -13*q + z*q + 0*q**2 - q**2 - 6. What is j(7)?
-13
Let n be ((-16)/20)/(3/15). Let v(p) = p**3 + 6*p**2 + 9*p - 4. What is v(n)?
-8
Let o(l) = -12*l + 4. Let u(a) = 29*a - 15. Let z(y) = -4*o(y) - u(y). Give z(-1).
-20
Let v(d) = -446 + 453 - 3*d + 3*d - 10*d. Calculate v(-2).
27
Let c(l) = -3*l**2 + 148*l + 164 + 7*l**2 - 2*l**2 - l**2 - 116*l. Give c(-6).
8
Let x(z) = -z - 4. Suppose 12 = 18*d - 21*d, -3*o = 4*d + 31. Calculate x(o).
1
Suppose 0 = -5*j - 5*d + 2190, j - 438 = 6*d - d. Let u = -435 + j. Let c(s) = -s + 2. What is c(u)?
-1
Let x(z) = -z**3 - 11*z**2 + z + 167. Let g be x(0). Let n(y) = 155*y + 0*y**2 - g*y - y**3 - 5*y**2 - 8*y**2 + 17. Give n(-12).
17
Let f be 24/348 + 56/29. Let r(j) = -5*j + 5. Let b(y) = -y - 2. Let v(p) = 4*p + 6. Let n(d) = 20*b(d) + 6*v(d). Let i(l) = -4*n(l) - 3*r(l). Give i(f).
-1
Let u(x) = 10*x + 8 + 8 + x**2 + 7 - 31 + 19. Let v(j) = 3*j**2 + 5 - 11*j + 31*j + 29 + 10*j. Let l(k) = -7*u(k) + 2*v(k). Give l(-9).
0
Suppose 5*b - 116 = -2*w, 2*b = 6*w - 4*w + 52. Suppose b - 31 = -z. Let p(y) = y**3 - 8*y**2 + 8*y - 1. What is p(z)?
6
Let k(p) = 4*p**3 + 3*p**3 - 658782*p + 2*p**2 - 6 - 6*p**3 - 6*p**2 + 658771*p. Calculate k(6).
0
Let m(l) be the first derivative of 22*l**2 + 94*l + 343. Calculate m(-2).
6
Suppose 5*d - 3*d = -2. Let p = -5 - d. Let u(j) be the third derivative of j**4/8 + j**3/2 - 288*j**2 - 1. What is u(p)?
-9
Let v(d) = -2*d**2 + d + 49. Let p(o) = 9*o**2 - 5*o - 203. Let l(w) = 6*p(w) + 25*v(w). Calculate l(3).
28
Let u(j) = -30*j - 54. Let a be u(-2). Let p(b) = b - 3. What is p(a)?
3
Suppose -2*f - 85 = -3*z, 0 = -z + 4*f + 23 + 12. Let a(i) = 4 + z*i - 1 - 26*i. Calculate a(4).
7
Let p(h) = 5*h**3 + 5*h**2 - 4*h - 9. Let z(o) = -28*o**3 - 27*o**2 + 24*o + 53. Let r(y) = 17*p(y) + 3*z(y). Give r(-3).
3
Let q(n) = n**2 + 12*n + 46. Suppose 223*h = 178*h - 225. Give q(h).
11
Let z = -15 + 22. Let p be (-280)/49 - 2/z. Let a(u) be the second derivative of u**3/6 + 2*u**2 - 139*u - 2. Determine a(p).
-2
Let w be 1/5 - 144/20. Let i(q) = 32*q + 9 + 4 - 41 + 11 + 15 - 31*q. Give i(w).
-9
Let q be 4/6*(-4 + 7). Let l(z) = -3*z**2 + 4*z**2 + 148 + q*z + 6*z - 142. Determine l(-9).
15
Let q(k) = -k**2 + 10*k - 10. Let m be q(8). Suppose m*i = 4*i. Let a(w) = 14*w**2 - 4. Let d(p) = -5*p**2 + 1. Let z(v) = -4*a(v) - 11*d(v). Give z(i).
5
Let b(n) be the first derivative of -n**2 - 4*n + 7986. Give b(-4).
4
Let o(d) = -d**3 - 4*d**2 - 3*d - 2. Let m be o(-4). Let h be (-4)/m - 51/(-15). Let g(q) = -2*q**2 - 1 + 0*q**2 + 3*q - q**h + q**2 - 3*q**2. What is g(-4)?
-13
Let t = 3 - 6. Let c(s) be the second derivative of -49*s + 0 - 1/4*s**4 - s**2 - 1/3*s**3 - 1/20*s**5. Determine c(t).
4
Let o(v) be the second derivative of -v**4/12 + 7*v**3/3 - 5*v**2 - 147*v - 1. Give o(14).
-10
Suppose 462 = 315*s - 9933. Let k(r) = r**2 - 37*r + 118. Calculate k(s).
-14
Let h(o) = o + o - 333*o**3 + 329*o**3 + 0*o**2 - 3*o**2 - 3*o. Determine h(-2).
22
Let m be 0/(-5*(-16)/40) - (-43 + 1). Let s(v) = -v**3 + 44*v**2 - 83*v - 50. Give s(m).
-8
Let y(a) = 92*a + 4 - 238*a + 93*a + 67 + 88*a. Let c be y(-2). Let t(u) = 21*u**3 + u**2 + u - 1. Determine t(c).
22
Let r(q) be the first derivative of 19 + 0*q + 0*q**3 - 1/3*q**4 - 25/2*q**2 + 1/60*q**5. Let y(t) be the second derivative of r(t). What is y(8)?
0
Let q(x) = 9*x**2 + 5*x - 18. Let y(r) = 11*r**2 + 4*r - 19. Let h be ((-4)/10)/((-5)/50). Let c(b) = h*y(b) - 5*q(b). What is c(-10)?
4
Let a(q) = 2*q - 1. Let s(d) = 4*d**2 - 28*d + 14. Suppose 4*j + 0*j = -k - 48, 5*k - 5*j + 290 = 0. Let x(y) = k*a(y) - 4*s(y). Determine 